f*j, -23 = 3*v - 2*j - 91. Calculate the remainder when v is divided by (5*(-2)/(-5))/((-8)/(-24)).
4
Let h(p) = 9*p + 11. Let y(m) = -17*m - 22. Let c(b) = 11*h(b) + 6*y(b). Let o be c(-6). Suppose 6 = k - o. What is the remainder when 38 is divided by k?
12
Let r(y) = 2*y**2 - 27*y. Let n(p) = -2*p**3 - 27*p**2 - 26*p + 8. Let v be n(-12). Let w = v + 120. What is the remainder when r(14) is divided by w?
6
Calculate the remainder when 906 is divided by 79/((-6952)/1914)*(-4)/1.
36
Let p(d) = -d**2 + 12*d + 16. Let a be p(13). Let c(k) = -13*k + 22*k - a + 1. What is the remainder when 18 is divided by c(1)?
4
Let c(n) = -321*n - 575. What is the remainder when c(-4) is divided by 215?
64
Let f(m) be the third derivative of m**6/120 + m**5/20 - 9*m**4/8 - m**3 + m**2 - 34*m. What is the remainder when f(5) is divided by 18?
5
Suppose -745*u + 3570 = -738*u. Let o = 516 - u. Calculate the remainder when 29 is divided by o.
5
Let z(d) = 8*d**2 + d + 9. Let v(q) = q**2 + q + 1. Let c(t) = -5*v(t) + z(t). Let l be c(1). What is the remainder when 39 is divided by (-2)/l + 1170/54?
18
Let x(s) = -22. Let c be 5/(55/2) - 155/(-55). Let m(i) = -i + 43. Let h(t) = c*m(t) + 5*x(t). What is the remainder when h(-16) is divided by 36?
31
Suppose 3*q = -j + 22, -2*j + 0*j = 3*q - 29. Calculate the remainder when (-8 - (-1596)/70)*5 is divided by j.
4
Let p(v) = -15*v - 1. Let i = -126449 + 126647. What is the remainder when i is divided by p(-4)?
21
Suppose -266*d + 268*d = -4*h + 98, 0 = -h - 2*d + 35. Let u be (16/3 - -1)*3. Let l = u + 22. Calculate the remainder when l is divided by h.
20
Calculate the remainder when 0 + -15 - (-4960 - 330) is divided by 132.
127
Let n(b) = b - 1. Suppose -20 = 5*a, -2*a + 14 = 4*m - 22. Calculate the remainder when 29 is divided by n(m).
9
Suppose -l - 4*o + 466 = 0, -5*l + 3*o + 211 + 2004 = 0. What is the remainder when l is divided by 144?
14
Let y = -154 + 108. Let g = y - -51. Suppose g*s + 1025 = 10*s. Calculate the remainder when s is divided by 52.
49
Suppose 0 = 14*y - 127646 + 125518. What is the remainder when y is divided by (1 + 27/(-5))*-5?
20
Let x(k) = 5*k**2 + 23*k + 85. What is the remainder when 245 is divided by x(-4)?
26
Let d(w) = -w**3 - w + 1. Let c(o) = -o**3 + 30*o**2 - 3*o - 11. Let m(v) = c(v) - 2*d(v). What is the remainder when 72 is divided by m(-30)?
4
Let d(k) = 238*k + 2060. Calculate the remainder when 444 is divided by d(-8).
132
Let r = -251 - -123. Let t = 126 + r. What is the remainder when (-1260)/15*t/4 is divided by 5?
2
Let x be (10272/(-9))/(-2)*(-18)/(-8). Suppose q - 7*q - x = 0. Let t = q - -300. Calculate the remainder when t is divided by 22.
20
Suppose 5*n = -4 - 1, -4*y + 4*n - 1472 = 0. Let t = y + 406. What is the remainder when t is divided by 4?
1
Let p = -55 - -60. Suppose -4*a - 432 = p*o, -o + 4*a - 448 = 4*o. Let m = -50 - o. Calculate the remainder when 148 is divided by m.
34
Suppose -18*s - 138177 + 28054 = -215*s. What is the remainder when s is divided by 175?
34
Suppose -18 - 24 = -6*p. Suppose 7*i = 4*i - 195. Let v = -39 - i. Calculate the remainder when v is divided by p.
5
Let w(n) = -2*n - 15. Let a(j) = 3*j + 47. Calculate the remainder when a(-10) is divided by w(-10).
2
Let s(w) = 2*w**3 + w**2 + w + 10. Let d(u) = 10*u - 143. What is the remainder when d(16) is divided by s(0)?
7
Suppose 0 = a + 4*a + 70. Let o(k) = -3707*k + 556063. Calculate the remainder when o(150) is divided by (-4)/a + 33/7.
3
Let n be 2/20 - 1888/(-320). What is the remainder when 214 is divided by (6*n/16)/(12/176)?
16
Suppose 180*a - 850*a = 825*a - 19496 - 40304. Let d be -3*(-2)/10*5. Suppose -7*x + 44 = -d*x. What is the remainder when a is divided by x?
7
Suppose -c + m - 37 = -3*c, 4*m - 43 = -3*c. Suppose -4*k = -49 + c. Calculate the remainder when 264/10 - (-6)/(-15) is divided by k.
5
Suppose -4*q = 8, 3*k + 362 = q + 631. Let a be -11*(-2 + 3)*-1. Suppose -a = -r + 2. Calculate the remainder when k is divided by r.
11
Let w(y) = 1055*y + 1058*y - 2121*y - 62. What is the remainder when 52 is divided by w(-11)?
0
Let h = -6408 + 6596. What is the remainder when 305 is divided by h?
117
Let o = -290 + 562. Suppose -5*z = 5*l - 315, -4*l - 5*z + o = 15. What is the remainder when l is divided by 51?
7
Let h(i) = i**2 - 8*i - 11. Let m be h(9). Calculate the remainder when ((-33)/(-55))/(m/(-10)) is divided by (1 + -4 - 12/(-3)) + 2.
0
Let r(q) = 9*q**2 - 29*q + 18. Calculate the remainder when 306 is divided by r(6).
138
Let y(j) = -45*j**2 + 370*j - 20. Calculate the remainder when 3354 is divided by y(8).
54
Let i(b) = b**3 + 8*b**2 + 6*b + 9. Let v = 330 - 328. Suppose -v*y + 4*y = -n + 16, -4*n = 2*y - 52. What is the remainder when i(-6) is divided by n?
9
Calculate the remainder when 14122 is divided by 283 - (-29 - -17)/(-2).
272
Let c = -57 + 59. Suppose 4*o = c*v + v - 342, v + o = 121. Suppose -7*q + v = 34. Calculate the remainder when q is divided by 6.
0
Let q = -3 - -2. What is the remainder when q*(4/4 - 27) is divided by 6 + -3 - (-11 + -1)?
11
Let i be 1*1059/3*-2. Let x = -687 - i. Calculate the remainder when 265 is divided by x.
18
Suppose 2*b = -t + 169, 17 = 2*b - 3*t - 164. Suppose 27 = -2*v + 3*v. Calculate the remainder when v is divided by b/8 + (-192)/256.
7
What is the remainder when 82 is divided by -5 - -10 - (0 + -14)?
6
Suppose 14 = o + 13. Calculate the remainder when 15 is divided by o - -7 - (-22)/11 - 1.
6
Suppose 32*r - 36*r - 2*k + 62 = 0, 8*r - 2*k - 94 = 0. What is the remainder when 633 is divided by r?
9
Suppose 461 = -11*u + 3871. What is the remainder when u is divided by 62?
0
Let u(z) = z + 7. Let g be u(-10). Let l be 11 + -26 + (-2)/2*g. Calculate the remainder when l/10*(-65 - 5) is divided by 43.
41
Suppose 51 = 72*k - 33*k - 38*k. Let b be (564/(-15))/2*-5. Let u = b - k. What is the remainder when u is divided by 22?
21
Let c(z) = 2*z**2 + z + 8. Let b = 921 - 869. Calculate the remainder when c(7) is divided by b.
9
What is the remainder when 127 is divided by 12/(-28) + (-9612)/(-378)?
2
Suppose 0 = -4*x - 12, -5*x = 3*m - 36 - 15. Let q = -3 - -14. Let r(s) = -s**2 + 13*s - 7. What is the remainder when m is divided by r(q)?
7
Let i be 5*5*7/35. What is the remainder when 23 is divided by -10*i/(-5) - 2?
7
Let j be -8 - 680/(-1 + -7). Suppose j*d - 2156 = 73*d. What is the remainder when d is divided by 27?
26
Let o(g) = 3*g**2 + 11*g + 38. Let x be o(-6). Suppose 2*r - x = -2*i, 2*i + 61 = 2*r - 23. What is the remainder when r is divided by 4?
1
Let y = -325 - -423. What is the remainder when y is divided by 21?
14
Calculate the remainder when 587 is divided by -4*(1314/45)/(8/(-10)).
3
Let v = -13 + -9. Let x = -100 + v. Let m = x + 134. What is the remainder when 94 is divided by m?
10
Let b(u) = -2*u - 12. Let v be -48*(-5 + (-42)/(-9)). Suppose -3*t = -5*p + 135, 3 = p + t - v. Calculate the remainder when p is divided by b(-13).
10
Suppose 0 = -2*a + 12 + 14. Let m = -117 + 48. Let z = m + 132. Calculate the remainder when z is divided by a.
11
Suppose 0 = 5*f - y - 686 - 1169, 0 = -5*f - 3*y + 1855. Calculate the remainder when 1133 is divided by f.
20
Let d = -3659 + 4090. Calculate the remainder when d is divided by 18.
17
Let v = -159 - -429. Calculate the remainder when v is divided by 52.
10
Suppose 0 = m - 204 + 161. Suppose 12*n - m = 29. Suppose -184 + 24 = -4*w. What is the remainder when w is divided by n?
4
Let y = 1486 + -1470. Suppose p - a = 4*p - 213, a - 284 = -4*p. Suppose -2*l + p = 15. What is the remainder when l is divided by y?
12
Let t(c) = 6*c - 2. Suppose 5*a = -2*p + 391 + 239, -3*a + 378 = -4*p. Suppose a*d = 121*d + 270. Calculate the remainder when d is divided by t(5).
26
Suppose -u - 40*i - 15 = -44*i, 3*u + 5*i = 23. What is the remainder when 6 is divided by u?
0
Calculate the remainder when 525 is divided by (-369)/(-15) + 9/(-15) + (28 - 29).
19
Let q = -4820 + 8736. Calculate the remainder when q is divided by 70.
66
Suppose 0 = 5*u + 5*o - 25, -2*u + 4*o + 0*o + 34 = 0. Suppose -19 + u = 5*w. Calculate the remainder when -28*w*12/16 is divided by 16.
10
Let i = -1125 - -1581. Calculate the remainder when 2496/7 - i/798 is divided by 122.
112
Suppose -l = 2*